{"id":10307,"date":"2025-07-07T16:26:51","date_gmt":"2025-07-07T21:26:51","guid":{"rendered":"https:\/\/balonesconcorde.com\/sport\/?post_type=product&#038;p=10307"},"modified":"2025-07-11T11:13:37","modified_gmt":"2025-07-11T16:13:37","slug":"azteca-62-64","status":"publish","type":"product","link":"https:\/\/balonesconcorde.com\/sport\/product\/azteca-62-64\/","title":{"rendered":"Azteca 62-64"},"content":{"rendered":"<p><strong>Materiales y Garant\u00eda<\/strong><\/p>\n<p>Nuestros balones est\u00e1n fabricados cumpliendo los con est\u00e1ndares de calidad de peso y medida reglamentarios para cada disciplina, elaborados con las siguientes caracter\u00edsticas.<\/p>\n<ul>\n<li>Neum\u00e1tico interno de butilo.<\/li>\n<li>Proforma en hilo t\u00e9cnico y caucho natural.<\/li>\n<li>Ensamblado manual.<\/li>\n<li>Termo-fijado y vulcanizado con maquinaria de alta tecnolog\u00eda.<\/li>\n<li>Material sint\u00e9tico de producci\u00f3n nacional en colores surtidos y de primera calidad.<\/li>\n<li>Estampados con tintas de alta adherencia de producci\u00f3n nacional, y en bajo relieve.<\/li>\n<li>Procesos modernos para una larga durabilidad.<\/li>\n<\/ul>\n","protected":false},"excerpt":{"rendered":"<p>Futsala Liga * 62-64 cms. * Circunferencia 62 a 64 cent\u00edmetros, di\u00e1metro 19.73 a 20.37. * Peso 420 gr. a 440 gr.<\/p>\n<p><a href=\"https:\/\/wa.me\/573125155181?text=Hola,%20estoy%20interesado%20en%20el%20producto:%20Futsala 62-64 Azteca \"><img decoding=\"async\" class=\"alignnone wp-image-10366 size-full\" src=\"https:\/\/balonesconcorde.com\/sport\/wp-content\/uploads\/2025\/07\/botones-solicitar-precio-02.png\" alt=\"botones solicitar precio-02\" width=\"230\" height=\"75\" srcset=\"https:\/\/balonesconcorde.com\/sport\/wp-content\/uploads\/2025\/07\/botones-solicitar-precio-02.png 230w, https:\/\/balonesconcorde.com\/sport\/wp-content\/uploads\/2025\/07\/botones-solicitar-precio-02-150x49.png 150w\" sizes=\"(max-width: 230px) 100vw, 230px\" \/><\/a><\/p>\n","protected":false},"featured_media":10419,"comment_status":"open","ping_status":"closed","template":"","meta":{"_joinchat":[]},"product_brand":[],"product_cat":[162,158],"product_tag":[],"class_list":{"0":"post-10307","1":"product","2":"type-product","3":"status-publish","4":"has-post-thumbnail","6":"product_cat-azteca-62-64","7":"product_cat-futsala-62-64","8":"product_shipping_class-articulo-voluminoso","10":"first","11":"instock","12":"taxable","13":"shipping-taxable","14":"product-type-simple"},"yoast_head":"<!-- This site is optimized with the Yoast SEO plugin v23.3 - https:\/\/yoast.com\/wordpress\/plugins\/seo\/ -->\n<title>Azteca 62-64 - Balones Concorde<\/title>\n<meta name=\"description\" content=\"Bal\u00f3n de futsala Azteca 62-64, dise\u00f1ado para ofrecer control y estabilidad en el juego. Perfecto en espacios interiores precisi\u00f3n y calidad.\" \/>\n<meta name=\"robots\" content=\"index, follow, max-snippet:-1, max-image-preview:large, max-video-preview:-1\" \/>\n<link rel=\"canonical\" href=\"https:\/\/balonesconcorde.com\/sport\/product\/azteca-62-64\/\" \/>\n<meta property=\"og:locale\" content=\"es_ES\" \/>\n<meta property=\"og:type\" content=\"article\" \/>\n<meta property=\"og:title\" content=\"Azteca 62-64 - Balones Concorde\" \/>\n<meta property=\"og:description\" content=\"Bal\u00f3n de futsala Azteca 62-64, dise\u00f1ado para ofrecer control y estabilidad en el juego. Perfecto en espacios interiores precisi\u00f3n y calidad.\" \/>\n<meta property=\"og:url\" content=\"https:\/\/balonesconcorde.com\/sport\/product\/azteca-62-64\/\" \/>\n<meta property=\"og:site_name\" content=\"Balones Concorde\" \/>\n<meta property=\"article:publisher\" content=\"https:\/\/www.facebook.com\/BalonesyNeumaticosConcorde\/\" \/>\n<meta property=\"article:modified_time\" content=\"2025-07-11T16:13:37+00:00\" \/>\n<meta property=\"og:image\" content=\"https:\/\/balonesconcorde.com\/sport\/wp-content\/uploads\/2025\/07\/Azteca-62-64-variados.png\" \/>\n\t<meta property=\"og:image:width\" content=\"1600\" \/>\n\t<meta property=\"og:image:height\" content=\"1600\" \/>\n\t<meta property=\"og:image:type\" content=\"image\/png\" \/>\n<meta name=\"twitter:card\" content=\"summary_large_image\" \/>\n<meta name=\"twitter:label1\" content=\"Tiempo de lectura\" \/>\n\t<meta name=\"twitter:data1\" content=\"1 minuto\" \/>\n<script type=\"application\/ld+json\" class=\"yoast-schema-graph\">{\"@context\":\"https:\/\/schema.org\",\"@graph\":[{\"@type\":\"WebPage\",\"@id\":\"https:\/\/balonesconcorde.com\/sport\/product\/azteca-62-64\/\",\"url\":\"https:\/\/balonesconcorde.com\/sport\/product\/azteca-62-64\/\",\"name\":\"Azteca 62-64 - Balones Concorde\",\"isPartOf\":{\"@id\":\"https:\/\/balonesconcorde.com\/sport\/#website\"},\"primaryImageOfPage\":{\"@id\":\"https:\/\/balonesconcorde.com\/sport\/product\/azteca-62-64\/#primaryimage\"},\"image\":{\"@id\":\"https:\/\/balonesconcorde.com\/sport\/product\/azteca-62-64\/#primaryimage\"},\"thumbnailUrl\":\"https:\/\/balonesconcorde.com\/sport\/wp-content\/uploads\/2025\/07\/Azteca-62-64-variados.png\",\"datePublished\":\"2025-07-07T21:26:51+00:00\",\"dateModified\":\"2025-07-11T16:13:37+00:00\",\"description\":\"Bal\u00f3n de futsala Azteca 62-64, dise\u00f1ado para ofrecer control y estabilidad en el juego. Perfecto en espacios interiores precisi\u00f3n y calidad.\",\"breadcrumb\":{\"@id\":\"https:\/\/balonesconcorde.com\/sport\/product\/azteca-62-64\/#breadcrumb\"},\"inLanguage\":\"es\",\"potentialAction\":[{\"@type\":\"ReadAction\",\"target\":[\"https:\/\/balonesconcorde.com\/sport\/product\/azteca-62-64\/\"]}]},{\"@type\":\"ImageObject\",\"inLanguage\":\"es\",\"@id\":\"https:\/\/balonesconcorde.com\/sport\/product\/azteca-62-64\/#primaryimage\",\"url\":\"https:\/\/balonesconcorde.com\/sport\/wp-content\/uploads\/2025\/07\/Azteca-62-64-variados.png\",\"contentUrl\":\"https:\/\/balonesconcorde.com\/sport\/wp-content\/uploads\/2025\/07\/Azteca-62-64-variados.png\",\"width\":1600,\"height\":1600,\"caption\":\"Azteca-62-64-variados\"},{\"@type\":\"BreadcrumbList\",\"@id\":\"https:\/\/balonesconcorde.com\/sport\/product\/azteca-62-64\/#breadcrumb\",\"itemListElement\":[{\"@type\":\"ListItem\",\"position\":1,\"name\":\"Portada\",\"item\":\"https:\/\/balonesconcorde.com\/sport\/\"},{\"@type\":\"ListItem\",\"position\":2,\"name\":\"Tienda\",\"item\":\"https:\/\/balonesconcorde.com\/sport\/shop\/\"},{\"@type\":\"ListItem\",\"position\":3,\"name\":\"Azteca 62-64\"}]},{\"@type\":\"WebSite\",\"@id\":\"https:\/\/balonesconcorde.com\/sport\/#website\",\"url\":\"https:\/\/balonesconcorde.com\/sport\/\",\"name\":\"Balones Concorde\",\"description\":\"F\u00e1brica de balones en Bogot\u00e1, Balones Concorde \u201cEl bal\u00f3n de Estrellas\u201d, F\u00fatbol, futsala, microf\u00fatbol, baloncesto, voleibol, publicitarios, bal\u00f3n medicinal, profesionales, entrenamiento deportivo, competici\u00f3n, escuelas deportivas, implementos deportivos, estadio de f\u00fatbol, campo deportivo, cancha, penalti, deportes, disciplinas deportivas, bola, equipo, guardameta, gol, partido, portero, torneo, campeonato, arbitro, saque de esquina, defensa, empate, delantero, tiro libre, goleador, golazo, cabezazo, tiro de esquina, entrenador, centrocampista, saque de banda, mundial, tarjeta amarilla, tarjeta roja, parque, hincha, silbato, banderines, grada, red, Canasta, cesto, baloncesto, minibaloncesto, \u201d, Voleibol, minivoleibol, voleibol playa, mallas, bandas el\u00e1sticas, bombas de inflar, calibrador, chaqueta, cron\u00f3metro, escalera de motricidad, fuchi, guantes de arquero, guayeras, conos, petos, platillos,  tula balonera, tula personal, canillera, espinillera.\",\"publisher\":{\"@id\":\"https:\/\/balonesconcorde.com\/sport\/#organization\"},\"potentialAction\":[{\"@type\":\"SearchAction\",\"target\":{\"@type\":\"EntryPoint\",\"urlTemplate\":\"https:\/\/balonesconcorde.com\/sport\/?s={search_term_string}\"},\"query-input\":\"required name=search_term_string\"}],\"inLanguage\":\"es\"},{\"@type\":\"Organization\",\"@id\":\"https:\/\/balonesconcorde.com\/sport\/#organization\",\"name\":\"Balones Concorde\",\"url\":\"https:\/\/balonesconcorde.com\/sport\/\",\"logo\":{\"@type\":\"ImageObject\",\"inLanguage\":\"es\",\"@id\":\"https:\/\/balonesconcorde.com\/sport\/#\/schema\/logo\/image\/\",\"url\":\"https:\/\/balonesconcorde.com\/sport\/wp-content\/uploads\/2023\/10\/logo_balonesconcordep.png\",\"contentUrl\":\"https:\/\/balonesconcorde.com\/sport\/wp-content\/uploads\/2023\/10\/logo_balonesconcordep.png\",\"width\":220,\"height\":70,\"caption\":\"Balones Concorde\"},\"image\":{\"@id\":\"https:\/\/balonesconcorde.com\/sport\/#\/schema\/logo\/image\/\"},\"sameAs\":[\"https:\/\/www.facebook.com\/BalonesyNeumaticosConcorde\/\",\"https:\/\/www.instagram.com\/balonesconcorde\/\"]}]}<\/script>\n<!-- \/ Yoast SEO plugin. -->","yoast_head_json":{"title":"Azteca 62-64 - Balones Concorde","description":"Bal\u00f3n de futsala Azteca 62-64, dise\u00f1ado para ofrecer control y estabilidad en el juego. Perfecto en espacios interiores precisi\u00f3n y calidad.","robots":{"index":"index","follow":"follow","max-snippet":"max-snippet:-1","max-image-preview":"max-image-preview:large","max-video-preview":"max-video-preview:-1"},"canonical":"https:\/\/balonesconcorde.com\/sport\/product\/azteca-62-64\/","og_locale":"es_ES","og_type":"article","og_title":"Azteca 62-64 - Balones Concorde","og_description":"Bal\u00f3n de futsala Azteca 62-64, dise\u00f1ado para ofrecer control y estabilidad en el juego. Perfecto en espacios interiores precisi\u00f3n y calidad.","og_url":"https:\/\/balonesconcorde.com\/sport\/product\/azteca-62-64\/","og_site_name":"Balones Concorde","article_publisher":"https:\/\/www.facebook.com\/BalonesyNeumaticosConcorde\/","article_modified_time":"2025-07-11T16:13:37+00:00","og_image":[{"width":1600,"height":1600,"url":"https:\/\/balonesconcorde.com\/sport\/wp-content\/uploads\/2025\/07\/Azteca-62-64-variados.png","type":"image\/png"}],"twitter_card":"summary_large_image","twitter_misc":{"Tiempo de lectura":"1 minuto"},"schema":{"@context":"https:\/\/schema.org","@graph":[{"@type":"WebPage","@id":"https:\/\/balonesconcorde.com\/sport\/product\/azteca-62-64\/","url":"https:\/\/balonesconcorde.com\/sport\/product\/azteca-62-64\/","name":"Azteca 62-64 - Balones Concorde","isPartOf":{"@id":"https:\/\/balonesconcorde.com\/sport\/#website"},"primaryImageOfPage":{"@id":"https:\/\/balonesconcorde.com\/sport\/product\/azteca-62-64\/#primaryimage"},"image":{"@id":"https:\/\/balonesconcorde.com\/sport\/product\/azteca-62-64\/#primaryimage"},"thumbnailUrl":"https:\/\/balonesconcorde.com\/sport\/wp-content\/uploads\/2025\/07\/Azteca-62-64-variados.png","datePublished":"2025-07-07T21:26:51+00:00","dateModified":"2025-07-11T16:13:37+00:00","description":"Bal\u00f3n de futsala Azteca 62-64, dise\u00f1ado para ofrecer control y estabilidad en el juego. Perfecto en espacios interiores precisi\u00f3n y calidad.","breadcrumb":{"@id":"https:\/\/balonesconcorde.com\/sport\/product\/azteca-62-64\/#breadcrumb"},"inLanguage":"es","potentialAction":[{"@type":"ReadAction","target":["https:\/\/balonesconcorde.com\/sport\/product\/azteca-62-64\/"]}]},{"@type":"ImageObject","inLanguage":"es","@id":"https:\/\/balonesconcorde.com\/sport\/product\/azteca-62-64\/#primaryimage","url":"https:\/\/balonesconcorde.com\/sport\/wp-content\/uploads\/2025\/07\/Azteca-62-64-variados.png","contentUrl":"https:\/\/balonesconcorde.com\/sport\/wp-content\/uploads\/2025\/07\/Azteca-62-64-variados.png","width":1600,"height":1600,"caption":"Azteca-62-64-variados"},{"@type":"BreadcrumbList","@id":"https:\/\/balonesconcorde.com\/sport\/product\/azteca-62-64\/#breadcrumb","itemListElement":[{"@type":"ListItem","position":1,"name":"Portada","item":"https:\/\/balonesconcorde.com\/sport\/"},{"@type":"ListItem","position":2,"name":"Tienda","item":"https:\/\/balonesconcorde.com\/sport\/shop\/"},{"@type":"ListItem","position":3,"name":"Azteca 62-64"}]},{"@type":"WebSite","@id":"https:\/\/balonesconcorde.com\/sport\/#website","url":"https:\/\/balonesconcorde.com\/sport\/","name":"Balones Concorde","description":"F\u00e1brica de balones en Bogot\u00e1, Balones Concorde \u201cEl bal\u00f3n de Estrellas\u201d, F\u00fatbol, futsala, microf\u00fatbol, baloncesto, voleibol, publicitarios, bal\u00f3n medicinal, profesionales, entrenamiento deportivo, competici\u00f3n, escuelas deportivas, implementos deportivos, estadio de f\u00fatbol, campo deportivo, cancha, penalti, deportes, disciplinas deportivas, bola, equipo, guardameta, gol, partido, portero, torneo, campeonato, arbitro, saque de esquina, defensa, empate, delantero, tiro libre, goleador, golazo, cabezazo, tiro de esquina, entrenador, centrocampista, saque de banda, mundial, tarjeta amarilla, tarjeta roja, parque, hincha, silbato, banderines, grada, red, Canasta, cesto, baloncesto, minibaloncesto, \u201d, Voleibol, minivoleibol, voleibol playa, mallas, bandas el\u00e1sticas, bombas de inflar, calibrador, chaqueta, cron\u00f3metro, escalera de motricidad, fuchi, guantes de arquero, guayeras, conos, petos, platillos,  tula balonera, tula personal, canillera, espinillera.","publisher":{"@id":"https:\/\/balonesconcorde.com\/sport\/#organization"},"potentialAction":[{"@type":"SearchAction","target":{"@type":"EntryPoint","urlTemplate":"https:\/\/balonesconcorde.com\/sport\/?s={search_term_string}"},"query-input":"required name=search_term_string"}],"inLanguage":"es"},{"@type":"Organization","@id":"https:\/\/balonesconcorde.com\/sport\/#organization","name":"Balones Concorde","url":"https:\/\/balonesconcorde.com\/sport\/","logo":{"@type":"ImageObject","inLanguage":"es","@id":"https:\/\/balonesconcorde.com\/sport\/#\/schema\/logo\/image\/","url":"https:\/\/balonesconcorde.com\/sport\/wp-content\/uploads\/2023\/10\/logo_balonesconcordep.png","contentUrl":"https:\/\/balonesconcorde.com\/sport\/wp-content\/uploads\/2023\/10\/logo_balonesconcordep.png","width":220,"height":70,"caption":"Balones Concorde"},"image":{"@id":"https:\/\/balonesconcorde.com\/sport\/#\/schema\/logo\/image\/"},"sameAs":["https:\/\/www.facebook.com\/BalonesyNeumaticosConcorde\/","https:\/\/www.instagram.com\/balonesconcorde\/"]}]}},"_links":{"self":[{"href":"https:\/\/balonesconcorde.com\/sport\/wp-json\/wp\/v2\/product\/10307","targetHints":{"allow":["GET"]}}],"collection":[{"href":"https:\/\/balonesconcorde.com\/sport\/wp-json\/wp\/v2\/product"}],"about":[{"href":"https:\/\/balonesconcorde.com\/sport\/wp-json\/wp\/v2\/types\/product"}],"replies":[{"embeddable":true,"href":"https:\/\/balonesconcorde.com\/sport\/wp-json\/wp\/v2\/comments?post=10307"}],"version-history":[{"count":0,"href":"https:\/\/balonesconcorde.com\/sport\/wp-json\/wp\/v2\/product\/10307\/revisions"}],"wp:featuredmedia":[{"embeddable":true,"href":"https:\/\/balonesconcorde.com\/sport\/wp-json\/wp\/v2\/media\/10419"}],"wp:attachment":[{"href":"https:\/\/balonesconcorde.com\/sport\/wp-json\/wp\/v2\/media?parent=10307"}],"wp:term":[{"taxonomy":"product_brand","embeddable":true,"href":"https:\/\/balonesconcorde.com\/sport\/wp-json\/wp\/v2\/product_brand?post=10307"},{"taxonomy":"product_cat","embeddable":true,"href":"https:\/\/balonesconcorde.com\/sport\/wp-json\/wp\/v2\/product_cat?post=10307"},{"taxonomy":"product_tag","embeddable":true,"href":"https:\/\/balonesconcorde.com\/sport\/wp-json\/wp\/v2\/product_tag?post=10307"}],"curies":[{"name":"wp","href":"https:\/\/api.w.org\/{rel}","templated":true}]}}